{"id":55,"date":"2020-02-19T14:41:50","date_gmt":"2020-02-19T13:41:50","guid":{"rendered":"http:\/\/www.modellbau-spiegelwald.de\/?page_id=55"},"modified":"2022-07-29T08:54:22","modified_gmt":"2022-07-29T06:54:22","slug":"verein","status":"publish","type":"page","link":"http:\/\/www.modellbau-spiegelwald.de\/?page_id=55","title":{"rendered":"Unser Verein"},"content":{"rendered":"\n<p>wurde am 21. August 2015 von damals&nbsp;<a rel=\"noreferrer noopener\" aria-label=\" (\u00f6ffnet in neuem Tab)\" href=\"http:\/\/www.modellbau-spiegelwald.de\/wp-content\/uploads\/2020\/02\/Gruendungsmitgieder.jpg\" target=\"_blank\" data-rel=\"lightbox-image-0\" data-magnific_type=\"image\" data-rl_title=\"Gruendungsmitgieder\" data-rl_caption=\"\" title=\"Gruendungsmitgieder\">acht Leuten<\/a>&nbsp;gegr\u00fcndet. Anlass war die M\u00f6glichkeit, endlich ein geeignetes St\u00fcck Land pachten und darauf einen Modellflugplatz einrichten zu k\u00f6nnen. Die Vereinsgr\u00fcndung ging mit der Annahme einer&nbsp;<a rel=\"noreferrer noopener\" aria-label=\"Vereinssatzung&nbsp; (\u00f6ffnet in neuem Tab)\" href=\"http:\/\/www.modellbau-spiegelwald.de\/wp-content\/uploads\/2020\/02\/Satzung_151010.pdf\" target=\"_blank\">Vereinssatzung&nbsp;<\/a>und einer dazu geh\u00f6renden&nbsp;<a rel=\"noreferrer noopener\" aria-label=\"Gesch\u00e4ftsordnung (\u00f6ffnet in neuem Tab)\" href=\"http:\/\/www.modellbau-spiegelwald.de\/wp-content\/uploads\/2020\/02\/Geschaeftsordnung_151011.pdf\" target=\"_blank\">Gesch\u00e4ftsordnung<\/a>&nbsp;einher. Im Januar 2016 erhielten wir von der Unteren Luftfahrtbeh\u00f6rde in Dresden die&nbsp;<a rel=\"noreferrer noopener\" aria-label=\"Aufstiegsgenehmigung&nbsp; (\u00f6ffnet in neuem Tab)\" href=\"http:\/\/www.modellbau-spiegelwald.de\/wp-content\/uploads\/2020\/02\/Aufstiegsgenehmigung.pdf\" target=\"_blank\">Aufstiegsgenehmigung&nbsp;<\/a>f\u00fcr unser Gel\u00e4nde.&nbsp;<\/p>\n\n\n\n<figure class=\"wp-block-image size-full\"><img loading=\"lazy\" decoding=\"async\" width=\"1024\" height=\"768\" src=\"http:\/\/www.modellbau-spiegelwald.de\/wp-content\/uploads\/2020\/02\/Gruendungsmitgieder.jpg\" alt=\"\" class=\"wp-image-94\" srcset=\"http:\/\/www.modellbau-spiegelwald.de\/wp-content\/uploads\/2020\/02\/Gruendungsmitgieder.jpg 1024w, http:\/\/www.modellbau-spiegelwald.de\/wp-content\/uploads\/2020\/02\/Gruendungsmitgieder-300x225.jpg 300w, http:\/\/www.modellbau-spiegelwald.de\/wp-content\/uploads\/2020\/02\/Gruendungsmitgieder-768x576.jpg 768w\" sizes=\"auto, (max-width: 1024px) 100vw, 1024px\" \/><\/figure>\n\n\n\n<p>Inzwischen sind wir 19 Mitglieder, davon drei unter 18 Jahren. Wir fliegen Fl\u00e4chenflugzeuge und Hubschrauber, angetrieben durch Methanol- und Benzin-Verbrenner, Kerosin-Turbinen und nat\u00fcrlich elektrische Antriebe aller Gr\u00f6\u00dfenordnungen. Gastflieger (mit g\u00fcltiger Versicherung) sind jederzeit willkommen und k\u00f6nnen fliegen, solange ein Vereinsmitglied anwesend ist.<\/p>\n\n\n\n<p><strong>Wenn ihr Interesse am Flugmodellsport habt oder auch einmal in unser Hobby reinschnuppern wollt, seid ihr herzlich eingeladen, uns auf unserem Flugplatz zu besuchen. Gern helfen wir euch gern beim Einstieg in unser Hobby und beraten bei der Anschaffung eines Modellflugzeuges.<\/strong><\/p>\n","protected":false},"excerpt":{"rendered":"<p>wurde am 21. August 2015 von damals&nbsp;acht Leuten&nbsp;gegr\u00fcndet. Anlass war die M\u00f6glichkeit, endlich ein geeignetes St\u00fcck Land pachten und darauf einen Modellflugplatz einrichten zu k\u00f6nnen. Die Vereinsgr\u00fcndung ging mit der Annahme einer&nbsp;Vereinssatzung&nbsp;und einer dazu geh\u00f6renden&nbsp;Gesch\u00e4ftsordnung&nbsp;einher. Im Januar 2016 erhielten wir von der Unteren Luftfahrtbeh\u00f6rde in Dresden die&nbsp;Aufstiegsgenehmigung&nbsp;f\u00fcr unser Gel\u00e4nde.&nbsp; Inzwischen sind wir 19 Mitglieder, davon &hellip; <a href=\"http:\/\/www.modellbau-spiegelwald.de\/?page_id=55\" class=\"more-link\"><span class=\"screen-reader-text\">Unser Verein<\/span> weiterlesen<\/a><\/p>\n","protected":false},"author":2,"featured_media":0,"parent":0,"menu_order":0,"comment_status":"closed","ping_status":"closed","template":"","meta":{"__cvm_playback_settings":[],"__cvm_video_id":"","footnotes":""},"class_list":["post-55","page","type-page","status-publish","hentry"],"jetpack_sharing_enabled":true,"_links":{"self":[{"href":"http:\/\/www.modellbau-spiegelwald.de\/index.php?rest_route=\/wp\/v2\/pages\/55","targetHints":{"allow":["GET"]}}],"collection":[{"href":"http:\/\/www.modellbau-spiegelwald.de\/index.php?rest_route=\/wp\/v2\/pages"}],"about":[{"href":"http:\/\/www.modellbau-spiegelwald.de\/index.php?rest_route=\/wp\/v2\/types\/page"}],"author":[{"embeddable":true,"href":"http:\/\/www.modellbau-spiegelwald.de\/index.php?rest_route=\/wp\/v2\/users\/2"}],"replies":[{"embeddable":true,"href":"http:\/\/www.modellbau-spiegelwald.de\/index.php?rest_route=%2Fwp%2Fv2%2Fcomments&post=55"}],"version-history":[{"count":22,"href":"http:\/\/www.modellbau-spiegelwald.de\/index.php?rest_route=\/wp\/v2\/pages\/55\/revisions"}],"predecessor-version":[{"id":1175,"href":"http:\/\/www.modellbau-spiegelwald.de\/index.php?rest_route=\/wp\/v2\/pages\/55\/revisions\/1175"}],"wp:attachment":[{"href":"http:\/\/www.modellbau-spiegelwald.de\/index.php?rest_route=%2Fwp%2Fv2%2Fmedia&parent=55"}],"curies":[{"name":"wp","href":"https:\/\/api.w.org\/{rel}","templated":true}]}}